20 = 50*a. Suppose -a*w + 147*w = 9989. List the prime factors of w.
1427
Let h(x) = -3*x - 22. Let w = 61 - 66. Let k be h(w). List the prime factors of (6/k)/(16/(-784)).
2, 3, 7
What are the prime factors of (-342)/(-27)*(-15801)/(-46)?
19, 229
Suppose 12 = 4*r - 68. Let y = r - 17. What are the prime factors of (-3)/(4 + 5) - (-304)/y?
101
Suppose 0 = 3*z + 15, -11*k - 4*z + 18913 = -8*k. What are the prime factors of k?
6311
Let r(n) = 1025*n + 6300. What are the prime factors of r(14)?
2, 5, 7, 59
Let y = 3782 - 2416. Suppose 4*t + y = 2*m, -5*m - 2*t = -2*m - 2033. What are the prime factors of m?
7, 97
Let k = -177 + 90. Suppose -u + 375 = 2*z, z + 200 = 2*z + 3*u. Let f = z + k. List the prime factors of f.
2, 7
Let j(h) = 15*h**3 + 5*h**2 + 11*h + 5. Let f be j(5). Suppose 2*w + g = 2051, 0 = 7*w - 9*w + 2*g + f. List the prime factors of w.
13, 79
Suppose 19*h - 81 = 15*h - 3*z, 5*h - 3*z - 135 = 0. Suppose -27*m = -h*m - 2856. What are the prime factors of m?
2, 7, 17
Suppose 0 = -2*f - 2*p + 10, -f - 20 = -5*f + p. Let h be (-8)/f*(4 - (3 - -6)). Suppose h = 18*z - 16*z. List the prime factors of z.
2
List the prime factors of (-30)/(-36) + 6311837/126 - 6/(-27).
5, 43, 233
Let c(o) = -6*o**3 - o**2 + 35*o + 149. What are the prime factors of c(-12)?
37, 269
Let y(r) = r**3 - 25*r**2 + 15*r - 42. Let j be y(24). Let c = j - -1163. List the prime factors of c.
5, 181
Suppose 142 - 30 = -4*y. Let j = y - -33. What are the prime factors of 6/15 - (-348)/j?
2, 5, 7
Let i = -103 - 50. Let q = 155 + i. Suppose -5*b = 4*f - 498, 6*b + q*f = 2*b + 402. List the prime factors of b.
2, 3, 17
Let g = -32801 + 54806. List the prime factors of g.
3, 5, 163
Suppose -18 = -3*b, -62*i - 5*b + 165036 = -59*i. List the prime factors of i.
2, 3, 89, 103
Let c(a) be the third derivative of -4/3*a**3 + 0 + 0*a + 3/5*a**5 + 30*a**2 + 3/8*a**4. List the prime factors of c(1).
37
Suppose -7*y - 223 + 13 = 0. Let g = 40 - y. Suppose 0 = -4*f - 10 + g. What are the prime factors of f?
3, 5
Suppose 0 = -3*w - 3*c + 12, -4*c = 3*w - 0*w - 12. Suppose -w*q = 2*p + 8, 4*p + 0*p + 16 = 4*q. Suppose -5*i - 3*i + 816 = q. What are the prime factors of i?
2, 3, 17
Suppose -g - 72 = -486. Suppose 0 = 4*d - 0*d - i - g, -d + 100 = -2*i. Let h = d + -32. List the prime factors of h.
2, 3
Let y(l) = -4*l + 10. Let p be y(3). Let v(o) = 130*o**2 + 7*o + 2. What are the prime factors of v(p)?
2, 127
Suppose -25*p = -37*p - 10524. Let k = p - -1507. What are the prime factors of k?
2, 3, 5, 7
Suppose -5*k = -0*k. Let y(o) = -6*o + 243. What are the prime factors of y(k)?
3
Let r = 1300 + -1287. Let y be (6/18)/(1/(-591)). Let w = r - y. What are the prime factors of w?
2, 3, 5, 7
Let t = -6 + 7. What are the prime factors of (-3)/3*t + 128 + -1?
2, 3, 7
Let s(q) = 2*q**2 + 10*q + 7. Let f be s(-6). Suppose f = 4*o + 7. Suppose 2*w + 4*u - 361 = 31, -5*u + 591 = o*w. List the prime factors of w.
2, 101
What are the prime factors of 12*(-5)/(-10) - (4 - 21547/1)?
3, 11, 653
What are the prime factors of (1 + (-6)/(-4))/(((-345)/12396)/(-23))?
2, 1033
Let u = 66 - 62. Suppose 5*x - x = 3*i - 1662, 0 = i - u*x - 554. Let g = -395 + i. What are the prime factors of g?
3, 53
List the prime factors of 37 + 13840 + (3 - -10).
2, 3, 5, 463
Suppose 6 = 3*s, -88*g - 6207 = -89*g + 3*s. What are the prime factors of g?
3, 19, 109
Suppose 0 = -3*i + 3, 2*r + 2*i + 437 = -3*i. Let k = -88 - r. Let p = k + -34. List the prime factors of p.
3, 11
Let n be 4 + (-3 - -4) + -2. Suppose 2*c = -n*c + 4*b - 411, -3*c - 3*b = 252. Let w = c - -140. List the prime factors of w.
3, 19
Let h(s) = -5*s**3 - 3*s**2 - 2*s - 4. Let i be (-24)/9 + 16/6 + -3. What are the prime factors of h(i)?
2, 5, 11
Suppose 0 = 5*k - o - 67 - 13, 4*k + o = 64. Let s = 6 - k. What are the prime factors of 5/(s/3)*-80?
2, 3, 5
Suppose 5*i - 2*t = -13, 4*i + 0*i + 15 = -3*t. Let l be (-40)/18 - (i - 150/(-54)). What are the prime factors of 48/24 + 84/(l/(-2))?
2, 43
Let g = 5 - 24. Let v = 15 + g. List the prime factors of (10/v)/(6 - (-148)/(-24)).
3, 5
Let g(s) = 3*s**2 - s - 64. Let u(j) = j**2 - 13. Let w(y) = -2*g(y) + 11*u(y). What are the prime factors of w(10)?
5, 101
Let k(n) = 74*n - 22. Suppose 0 = 5*b - 2*b - j - 5, -5*b = 4*j - 14. What are the prime factors of k(b)?
2, 3, 7
List the prime factors of 152/3*(119925/52)/25.
2, 3, 19, 41
Let l = -20 + 14. Let g be (2/l)/((-6)/20268). What are the prime factors of g/12 - 2/(-12)?
2, 47
Suppose 27*g - 51488 = 134812. What are the prime factors of g?
2, 3, 5, 23
Let i(j) = -906*j**2 - 21*j - 93 + 458*j**2 + 449*j**2. What are the prime factors of i(-13)?
349
Let x = 323 + -315. Suppose -3*r = 3*g - 534, 707 = 4*r - x*g + 11*g. List the prime factors of r.
173
Suppose -w + 12 = 18. Let j be (-167)/2 - (-9)/w. List the prime factors of 6/((-265)/j - 3).
3, 17
Let i = -572 + 382. Let p = i + 221. What are the prime factors of p?
31
Suppose -72*m + 377869 + 87899 = 0. List the prime factors of m.
6469
Let c = -16 - -139. Let q = c + -79. What are the prime factors of q?
2, 11
Let j(d) = 2*d**2 + 2*d - 7. Let a be j(6). Let x = -81 + a. What are the prime factors of (-3)/x + 770/8?
97
Let o be 1/1*-1*(-77)/11. Suppose 13*s - 2166 = o*s. What are the prime factors of s?
19
Let h(f) = f**2 - f - 1. Suppose 0 = -6*l + l. Suppose 3*i + 4*r - 11 = 1, -2*r - 6 = l. What are the prime factors of h(i)?
5, 11
Let l = -75 - -77. Let m(d) = 2*d**3 + 2*d**2 - 2*d + 1. Let n be m(l). Let o = 134 - n. List the prime factors of o.
113
Suppose 6*u - 6 = 4*c + 4*u, -12 = 3*c - 3*u. Let o be 7 - (2 + (0/1 - c)). List the prime factors of (1/((-9)/498))/(o/(-9)).
83
Let s(a) = a**2 + 4*a + 1. Let w(f) = 2*f + 24. Let o be w(-11). Let c be o*(-4 + (-15)/10). List the prime factors of s(c).
2, 3, 13
What are the prime factors of 1*(25/1)/5 - -23865?
2, 5, 7, 11, 31
Suppose -28412 = -4*d + 4*r, r + 7365 = -3*d + 28658. What are the prime factors of d?
31, 229
Let f(r) = 13 + 4*r - 4*r + 6*r - 4*r. Let q be f(-7). List the prime factors of (7/(-14))/(q/282).
3, 47
Suppose -16*t + 0*t + 149016 = -2*t. List the prime factors of t.
2, 3, 887
Let n be (-6 + 7)/((-2)/3 - -1). Suppose -n*z = z - 680. Suppose 2*q = -5*c + 440, -z - 94 = -3*c + q. What are the prime factors of c?
2, 11
Suppose -4*l - 2*b = -10 - 10, 4*l - 5*b = -8. Let f be (1/l)/((-4 - -5)/6). What are the prime factors of (3/f)/((-63)/(-6132))?
2, 73
Suppose 300*m + 34227 = 304*m + 5*x, -25644 = -3*m + 5*x. List the prime factors of m.
3, 2851
Suppose 7994 = -2*k + 3*k - 5*d, 2*k - 16030 = -4*d. List the prime factors of k.
8009
Let u(h) = 831*h**3 - h**2 + 1. Let y be u(1). Suppose -4*p + y = 3*m, 5*p + 3*m = 1073 - 38. What are the prime factors of p?
2, 3, 17
Suppose g - 40902 = q, -3*g = q - 47227 - 75467. List the prime factors of g.
3, 13633
Let m = 16292 - 6543. What are the prime factors of m?
9749
Suppose -8*z = -922 - 854. Suppose 4*k = 506 + z. What are the prime factors of k?
2, 7, 13
Let r = 83994 - 49495. List the prime factors of r.
34499
Let i = 26693 - 18596. What are the prime factors of i?
3, 2699
Let v = 52 + -31. Let f = v + -24. What are the prime factors of 0*4/12 - f?
3
List the prime factors of (4/18 + (-868)/18)/(2/(-1212)).
2, 3, 101
Suppose y + 3*y - 5*n - 41 = 0, n = 4*y - 21. Suppose 0 = -y*v + 327 + 701. List the prime factors of v.
257
Suppose -b = 5*l - 7681, 1926 = l + 5*b + 385. Suppose j - 17*j = -l. What are the prime factors of j?
2, 3
Suppose -4*n = 3*h - 91395, -20*h + n + 213317 = -13*h. List the prime factors of h.
31, 983
Suppose -o + 38999 - 259 = 12*o. What are the prime factors of o?
2, 5, 149
Suppose 0 = 3*p - 7*s - 15900, 5*s - 13 = 2. List the prime factors of p.
3, 29, 61
Suppose -3*c + 7*c = 340. Suppose 117*j = 133*j + 880. Let d = c + j. List the prime factors of d.
2, 3, 5
Suppose -3*x - 5*h = -34, x - 3*h + 14 = 2. Suppose k = -3*c + 14, 5*k - 13 = c + x*c. Suppose -9*o + k*o + 1036 = 0. What are the prime factors of o?
7, 37
Suppose -18*l = -13*l - 15. List the prime factors of (482/l)/((-4)/(108/(-9))).
2, 241
Let x(j) be the second derivative of 3*j**3/2 + j**2 + 11*j. Let s be x(2). Suppose t - s = -5. List the prime factors of t.
3, 5
Let y be 10*(3 - 30/12). Sup